nder when 527 is divided by 21.
2
Calculate the remainder when 83 is divided by 41.
1
Calculate the remainder when 532 is divided by 115.
72
What is the remainder when 2100 is divided by 78?
72
Calculate the remainder when 1957 is divided by 151.
145
What is the remainder when 632 is divided by 305?
22
What is the remainder when 431 is divided by 6?
5
What is the remainder when 886 is divided by 81?
76
What is the remainder when 5608 is divided by 1120?
8
What is the remainder when 737 is divided by 157?
109
What is the remainder when 44927 is divided by 36?
35
What is the remainder when 21279 is divided by 160?
159
Calculate the remainder when 1074 is divided by 13.
8
What is the remainder when 43 is divided by 25?
18
What is the remainder when 182 is divided by 182?
0
Calculate the remainder when 1718 is divided by 9.
8
What is the remainder when 541 is divided by 135?
1
Calculate the remainder when 13621 is divided by 98.
97
What is the remainder when 218 is divided by 49?
22
Calculate the remainder when 2638 is divided by 7.
6
Calculate the remainder when 20766 is divided by 11.
9
Calculate the remainder when 36 is divided by 26.
10
What is the remainder when 595 is divided by 207?
181
Calculate the remainder when 96 is divided by 78.
18
Calculate the remainder when 155 is divided by 55.
45
Calculate the remainder when 367 is divided by 74.
71
Calculate the remainder when 9398 is divided by 39.
38
Calculate the remainder when 246 is divided by 126.
120
Calculate the remainder when 857 is divided by 52.
25
What is the remainder when 1230 is divided by 306?
6
Calculate the remainder when 430 is divided by 73.
65
Calculate the remainder when 651 is divided by 271.
109
What is the remainder when 1973 is divided by 21?
20
What is the remainder when 2283 is divided by 18?
15
Calculate the remainder when 765 is divided by 25.
15
Calculate the remainder when 16864 is divided by 74.
66
Calculate the remainder when 667 is divided by 126.
37
Calculate the remainder when 325 is divided by 246.
79
What is the remainder when 454 is divided by 150?
4
What is the remainder when 1841 is divided by 612?
5
Calculate the remainder when 133 is divided by 45.
43
What is the remainder when 2143 is divided by 13?
11
What is the remainder when 198 is divided by 52?
42
Calculate the remainder when 612 is divided by 180.
72
What is the remainder when 1289 is divided by 19?
16
Calculate the remainder when 662 is divided by 113.
97
Calculate the remainder when 584 is divided by 15.
14
What is the remainder when 501 is divided by 28?
25
What is the remainder when 246 is divided by 118?
10
What is the remainder when 534 is divided by 518?
16
Calculate the remainder when 8776 is divided by 7.
5
Calculate the remainder when 133 is divided by 9.
7
Calculate the remainder when 4765 is divided by 153.
22
What is the remainder when 110 is divided by 52?
6
What is the remainder when 161 is divided by 89?
72
Calculate the remainder when 732 is divided by 46.
42
Calculate the remainder when 174 is divided by 53.
15
Calculate the remainder when 1260 is divided by 418.
6
Calculate the remainder when 26 is divided by 7.
5
Calculate the remainder when 819 is divided by 46.
37
Calculate the remainder when 241 is divided by 22.
21
What is the remainder when 704 is divided by 55?
44
What is the remainder when 412 is divided by 4?
0
What is the remainder when 1049 is divided by 42?
41
What is the remainder when 519 is divided by 138?
105
Calculate the remainder when 11437 is divided by 20.
17
What is the remainder when 2328 is divided by 1158?
12
What is the remainder when 287 is divided by 145?
142
What is the remainder when 7467 is divided by 415?
412
Calculate the remainder when 287 is divided by 32.
31
What is the remainder when 33273 is divided by 254?
253
What is the remainder when 984 is divided by 29?
27
Calculate the remainder when 61 is divided by 21.
19
Calculate the remainder when 472 is divided by 49.
31
What is the remainder when 394 is divided by 360?
34
What is the remainder when 541 is divided by 47?
24
What is the remainder when 457 is divided by 102?
49
Calculate the remainder when 1695 is divided by 106.
105
What is the remainder when 239 is divided by 50?
39
Calculate the remainder when 415 is divided by 15.
10
Calculate the remainder when 358 is divided by 40.
38
What is the remainder when 372 is divided by 66?
42
Calculate the remainder when 798 is divided by 50.
48
Calculate the remainder when 7757 is divided by 3871.
15
What is the remainder when 105 is divided by 21?
0
What is the remainder when 583 is divided by 5?
3
What is the remainder when 172 is divided by 165?
7
Calculate the remainder when 215 is divided by 112.
103
What is the remainder when 173 is divided by 15?
8
Calculate the remainder when 7256 is divided by 123.
122
What is the remainder when 287 is divided by 18?
17
Calculate the remainder when 2938 is divided by 421.
412
What is the remainder when 78 is divided by 14?
8
Calculate the remainder when 110 is divided by 24.
14
What is the remainder when 698 is divided by 142?
130
What is the remainder when 144 is divided by 25?
19
What is the remainder when 101 is divided by 7?
3
Calculate the remainder when 675 is divided by 26.
25
What is the remainder when 27 is divided by 11?
5
Calculate the remainder when 1823 is divided by 21.
17
What is the remainder when 1084 is divided by 167?
82
Calculate the remainder when 124 is divided by 10.
4
What is the remainder when 60 is divided by 52?
8
What is the remainder when 148 is divided by 37?
0
What is the remainder when 7055 is divided by 10?
5
Calculate the remainder when 153 is divided by 22.
21
Calculate the remainder when 330 is divided by 16.
10
Calculate the remainder when 236 is divided by 58.
4
Calculate the remainder when 12726 is divided by 43.
41
Calculate the remainder when 1170 is divided by 69.
66
What is the remainder when 698 is divided by 70?
68
Calculate the remainder when 928 is divided by 12.
4
Calculate the remainder when 43 is divided by 41.
2
What is the remainder when 63 is divided by 13?
11
Calculate the remainder when 348 is divided by 70.
68
What is the remainder when 135 is divided by 21?
9
What is the remainder when 17661 is divided by 64?
61
What is the remainder when 296 is divided by 25?
21
Calculate the remainder when 833 is divided by 76.
73
Calculate the remainder when 132 is divided by 23.
17
What is the remainder when 515 is divided by 49?
25
What is the remainder when 45 is divided by 39?
6
Calculate the remainder when 2687 is divided by 23.
19
Calculate the remainder when 486 is divided by 122.
120
What is the remainder when 201 is divided by 27?
12
What is the remainder when 6 is divided by 2?
0
Calculate the remainder when 2168 is divided by 70.
68
Calculate the remainder when 151 is divided by 22.
19
Calculate the remainder when 256 is divided by 37.
34
What is the remainder when 431 is divided by 31?
28
Calculate the remainder when 330 is divided by 37.
34
What is the remainder when 145 is divided by 68?
9
Calculate the remainder when 1058 is divided by 63.
50
Calculate the remainder when 1687 is divided by 48.
7
Calculate the remainder when 2817 is divided by 141.
138
Calculate the remainder when 69 is divided by 32.
5
What is the remainder when 275 is divided by 23?
22
Calculate the remainder when 474 is divided by 162.
150
Calculate the remainder when 101 is divided by 15.
11
What is the remainder when 76 is divided by 50?
26
Calculate the remainder when 96 is divided by 33.
30
Calculate the remainder when 562 is divided by 27.
22
Calculate the remainder when 273 is divided by 83.
24
What is the remainder when 315 is divided by 80?
75
Calculate the remainder when 243 is divided by 74.
21
What is the remainder when 61 is divided by 47?
14
What is the remainder when 343 is divided by 30?
13
Calculate the remainder when 114 is divided by 37.
3
What is the remainder when 54 is divided by 23?
8
Calculate the remainder when 10058 is divided by 13.
9
What is the remainder when 3853 is divided by 6?
1
Calculate the remainder when 472 is divided by 447.
25
Calculate the remainder when 735 is divided by 74.
69
What is the remainder when 40 is divided by 14?
12
Wh